 = 55*y - 2*y + 40*y - 11160. Calculate the remainder when 950 is divided by y.
110
Let m(b) = b**3 + 8*b**2 - 11*b - 4. Let o be m(-9). Suppose 2*j - 22 - o = 0. What is the remainder when -2 - -1 - 93/(-3) is divided by j?
12
Suppose 18*z = 31*z - 15*z + 324. Calculate the remainder when 531 is divided by z.
45
Suppose -3*a + 5*h + 2716 = 0, 28*a - 26*a - 1808 = 4*h. What is the remainder when a is divided by 254?
150
Let v(s) = -3*s - 9. Let z = -334 + 420. Calculate the remainder when z is divided by v(-8).
11
Let g = 43 + -1. Let r = 2293 + -4029. Calculate the remainder when 4/12 - r/21 is divided by g.
41
Let w(h) = -h**3 + 14*h**2 + 34*h + 24. Let c(i) = -i**3 - 23*i**2 + 107*i - 11. Let b be c(-27). Calculate the remainder when w(b) is divided by 25.
6
Let k = -1484 - -1544. Calculate the remainder when k is divided by -50*(4/(-12))/((-4)/(-6)).
10
Let l = 61 + 32. Let b be ((-258)/9)/((-18)/(-27)). Let x = b + l. Calculate the remainder when x is divided by 17.
16
Suppose 4*m - 33372 = -2*w, -m + 26*w - 31*w + 8334 = 0. Calculate the remainder when m is divided by 13.
11
What is the remainder when 93 is divided by ((-50)/(-55))/(2/22)?
3
Let f(p) = -347*p + 112. What is the remainder when f(-1) is divided by 113?
7
Suppose -3*f + 8*b - 4*b = -10, -2 = f + 4*b. Calculate the remainder when (f + 156)*(-1)/(-2) is divided by 3.
1
Suppose 0 = 15*f - 157 - 87 - 221. Calculate the remainder when 1418 is divided by f.
23
Let d be (9/(-3) + 2)*(0 - 2). Suppose -d = 3*l + 2*f - 340, 5*l + 2*f = 570. Suppose -l = -v - 3*v. What is the remainder when v is divided by 10?
9
Suppose -4*r + 12360 = 5*s + 3*s, -5*s = 0. What is the remainder when r is divided by 22?
10
Suppose -132 = -4*t + 4*z, 5*t - z - 79 - 90 = 0. Suppose 2*k - 6 + 12 = 0. What is the remainder when t is divided by (27/k)/((-2)/2)?
7
Suppose -2*z + 535 = 3*c, -z + 87 + 191 = -2*c. Calculate the remainder when z is divided by 61.
28
Let g = -683 - -677. What is the remainder when (-952)/g + ((-35)/(-15) - 3) is divided by 42?
32
Let m(l) = l**3 + l**2 - 2*l. Suppose 0 = -7*b + 16*b - 54. Suppose -687 + 165 = -b*r. Calculate the remainder when r is divided by m(2).
7
Let c(z) = -z**3 - 9*z**2 - 29*z + 6. Calculate the remainder when 60 is divided by c(-5).
9
Calculate the remainder when 56 - (5 + -1)/(100/150) is divided by (-12)/(-5)*100/8.
20
Let b(a) = -a**3 + 14*a**2 + 3*a - 3. Suppose 4*u - 4*u = -4*u. Let s(h) = -3*h + 11. Calculate the remainder when b(14) is divided by s(u).
6
Suppose 8*v = -16*v + 408. Let l = 1 + -6. Let d = 0 - l. Calculate the remainder when v is divided by d.
2
Let q(z) = -5*z + 9 - 1 - 2*z - z**3 + 15*z**2 - 7*z**2. What is the remainder when 382 is divided by q(5)?
46
Suppose -2150 = -52*k + 1386. Calculate the remainder when 3124 is divided by k.
64
Suppose 691 = -14*s - 485. What is the remainder when 28*(-152)/s*3 is divided by 9?
8
Suppose 839171 + 145141 = 441*a. What is the remainder when a is divided by 31?
0
Let h(l) = -153*l - 272. Calculate the remainder when h(-9) is divided by 123.
121
What is the remainder when 2 + -2 + 4 - (-302 - (1 + 15)) is divided by 9?
7
Suppose 9*n - 400 = 41. Let u = -6 + n. Let c = -33 + u. What is the remainder when 28 is divided by c?
8
Let w be 3*3/27 - (-716)/12. Suppose 25*j - w = 20*j. Let z = -179 + 322. What is the remainder when z is divided by j?
11
Let y = 183 - 167. What is the remainder when ((-33)/22)/(2/(-76)) is divided by y?
9
Suppose 3*n + 2*p + 82 = 0, -95*n + 94*n - 42 = -3*p. What is the remainder when 36 is divided by 10/(n/(-6)) + 17?
17
Suppose -3*l + 30 = -75. Let z = l + 29. Let u(j) = -j**3 + 8*j**2 - 4*j - 3. Calculate the remainder when z is divided by u(7).
10
Suppose 29996 = 40*o + 7116. Let b(t) = 10*t - 6. What is the remainder when o is divided by b(3)?
20
Calculate the remainder when -2399*(-20)/(30/3) is divided by 150.
148
Let b be (-1)/((-4)/2 - 180/(-92)). Suppose 0 = 9*c + b + 4. Calculate the remainder when 10 is divided by c - -8 - (3 + -5).
3
Suppose 5244 = 23*n + 2110 - 2409. Calculate the remainder when 729 is divided by n.
6
What is the remainder when 567 is divided by (-2 + 54)*(-4 - (-826)/56)?
8
Suppose 0 = -616*c + 167*c + 17511. Calculate the remainder when 3781 is divided by c.
37
Let t be (22 + -22)/(-2*1). Suppose 0*p + 5*p + 15 = t, 48 = -a + p. Let x = a - -109. Calculate the remainder when x is divided by 28.
2
Suppose 12*p = 20*p - 8. What is the remainder when (-69 + (11 - p))/((-1)/2) is divided by 20?
18
Let a = -2536 + 8328. What is the remainder when (3/2)/(-13 - (-75344)/a) is divided by 96?
85
Let l(y) = -y + 9. Suppose -6*h = -2*h - x + 433, -x = 2*h + 221. Let i = h - -133. What is the remainder when i is divided by l(0)?
6
Let w(i) = 42*i + 360. Suppose -6*g + 146 = -112. What is the remainder when w(-5) is divided by g?
21
Suppose 0*l = -27*l + 8802. Calculate the remainder when l is divided by 15.
11
Let b = -7419 - -7427. What is the remainder when 257 is divided by b?
1
Suppose 7*v - 535 = -451. Let a(m) = m**3 - 14*m**2 + 17*m + 92. What is the remainder when a(v) is divided by 4?
0
Suppose -903 = -4*z - f - 366, 2*z + f - 269 = 0. Calculate the remainder when 6162 is divided by z.
132
Suppose -2*p + 427 = 5*k, -335 = -6*k + 2*k + 5*p. Calculate the remainder when 7222 is divided by k.
82
Let a = 42 - 5. Suppose -w = 2*f - 437, -380 = -2*f + 2*w + 60. What is the remainder when f is divided by a?
34
Suppose 28*j - 451 = 17*j. Suppose -3*x + 128 - j = 3*l, 4*x = -3*l + 87. Suppose 0 = -3*y - y + 344. Calculate the remainder when y is divided by l.
28
What is the remainder when (-1)/(-13) + (-34846)/(-91) is divided by 74?
13
Let a be 1/2 - (420/8 + 4). Let p(w) = w**3 + 7*w**2 + 6*w - 4. Calculate the remainder when p(-5) is divided by (-2)/4 - 196/a.
1
Let c(o) = -39*o + 1162. Calculate the remainder when c(10) is divided by 22.
2
Let g = -6412 - -6671. What is the remainder when g is divided by 255?
4
Suppose 4*o - 272 = 3*p, o - 3*p + 25 = 93. Suppose 0*q = -2*q - 144. Calculate the remainder when o is divided by (44/66)/((-2)/q).
20
Suppose 0 = 6*j - 500 - 340. Let p = -101 + j. What is the remainder when 111 is divided by p?
33
Let o be -5 + 2*(-271)/2. Let r = -248 - o. What is the remainder when 106 is divided by r?
22
Suppose -17 + 45 = 7*c. Let l(h) = -22*h - 1. Let o be l(c). Let d = 100 + o. Calculate the remainder when 43 is divided by d.
10
Let a = 27 + 77. Let j(k) = k**3 - 81*k**2 - 529*k + 637. Calculate the remainder when a is divided by j(87).
20
Let g(z) = z**3 - 14*z**2 + 23*z - 5. Let r be g(7). Let d be (-202)/(-1 + (-9)/(-3)). Let h = d - r. Calculate the remainder when h is divided by 44.
42
Calculate the remainder when 2/(0/32 + (-2)/(-186)) is divided by 87.
12
Suppose 3*a = 4*a - 19. Suppose -2*v - 2*t - 5 = 5, 3*t = -2*v - 15. Suppose m = -2*f + 16, 5*m + v*f - 53 = -f. What is the remainder when a is divided by m?
9
Let j(t) = t**2 - 12*t + 15. Let r be j(11). Suppose -2*v + r*v = 4. Suppose -2*x = v*x - 40. Calculate the remainder when x is divided by 2.
0
Let h = 20442 - 19774. What is the remainder when h is divided by 166?
4
Let y = -38 - -307. Suppose -5*q + 6*g = 5*g - 86, 2*q - 3*g = 24. What is the remainder when y is divided by q?
17
Let j = -285 + 298. Suppose 0 = -5*y + 12 + 38. Let g = y + j. What is the remainder when 68 is divided by g?
22
Let f = -33141 - -33156. What is the remainder when 796 is divided by f?
1
Let k(s) = 3*s**3 - 24*s**2 + 47*s - 63. What is the remainder when k(8) is divided by 107?
99
Let p be -5 + 469/91 + (-48)/(-26). Suppose p*v + 45 = -95. Calculate the remainder when 1*(439/7 + (-20)/v) is divided by 16.
15
Suppose 5*a - 4*a = 67. Suppose -d = -30 - a. Let u = d - 46. What is the remainder when u is divided by 13?
12
Let i(v) = 12*v**2 - 74*v + 143. Let w be i(2). Suppose 2*h - 3*h + 5*k = -w, -h + 47 = -4*k. Calculate the remainder when h is divided by 41.
22
Let w(i) = -9*i - 24. Let x be w(-5). Let n = x + -24. What is the remainder when 169 is divided by (0 - 2)*(-14 + n)?
33
Suppose -1664*i + 1684*i = 140. Calculate the remainder when 293 is divided by i.
6
Calculate the remainder when 298 is divided by 502*((-82)/4 + 21).
47
Suppose 2*a + 2439 = 3*h, -a = 1916*